{"id":1249,"date":"2014-03-18T12:52:26","date_gmt":"2014-03-18T11:52:26","guid":{"rendered":"http:\/\/www.memoria-viva.fr\/?page_id=1249"},"modified":"2015-02-23T13:01:55","modified_gmt":"2015-02-23T12:01:55","slug":"temoignez-2","status":"publish","type":"page","link":"https:\/\/www.memoria-viva.fr\/mv2-archives\/?page_id=1249","title":{"rendered":"<!--:fr-->T\u00e9moignez !<!--:--><!--:pt-->Conte a sua hist\u00f3ria !<!--:-->"},"content":{"rendered":"<p><!--:fr--><\/p>\n<p style=\"text-align: justify;\"><strong>L&rsquo;association M\u00e9moire Vive\/Mem\u00f3ria Viva a entrepris une campagne de recueil d&rsquo;entretiens audiovisuels de t\u00e9moins de l&rsquo;immigration portugaise. Elle va \u00e9galement lancer une campagne de r\u00e9colte de t\u00e9moignage sur son site.\u00a0<\/strong><\/p>\n<p style=\"text-align: justify;\"><strong>L&rsquo;id\u00e9e est de faire un appel \u00e0 contribution afin de filmer dans son quartier, sa famille, son association, son entreprise. Ceci de fa\u00e7on \u00e0 construire une m\u00e9moire transversale, horizontale et transg\u00e9n\u00e9rationnelle. <\/strong><\/p>\n<p>Pourquoi ne pas demander \u00e0 ses grands-parents de r\u00e9pondre \u00e0 quelques questions sur leur arriv\u00e9e en France ?<\/p>\n<p>Pourquoi ne pas s&rsquo;entretenir avec son coll\u00e8gue afin de conna\u00eetre son exp\u00e9rience d&rsquo;immigration ?<\/p>\n<p>Pourquoi ne pas aller rencontrer l&rsquo;association portugaise de son quartier afin de comprendre son fonctionnement et son histoire ?<\/p>\n<p>Envoyez-nous vos contributions \u00e0 l&rsquo;adresse suivante <\/p>\n<p><!--:fr--><div role=\"form\" class=\"wpcf7\" id=\"wpcf7-f1169-o1\" lang=\"fr-FR\" dir=\"ltr\">\n<div class=\"screen-reader-response\"><p role=\"status\" aria-live=\"polite\" aria-atomic=\"true\"><\/p> <ul><\/ul><\/div>\n<form action=\"\/mv2-archives\/index.php?rest_route=%2Fwp%2Fv2%2Fpages%2F1249#wpcf7-f1169-o1\" method=\"post\" class=\"wpcf7-form init\" enctype=\"multipart\/form-data\" novalidate=\"novalidate\" data-status=\"init\">\n<div style=\"display: none;\">\n<input type=\"hidden\" name=\"_wpcf7\" value=\"1169\" \/>\n<input type=\"hidden\" name=\"_wpcf7_version\" value=\"5.5.1\" \/>\n<input type=\"hidden\" name=\"_wpcf7_locale\" value=\"fr_FR\" \/>\n<input type=\"hidden\" name=\"_wpcf7_unit_tag\" value=\"wpcf7-f1169-o1\" \/>\n<input type=\"hidden\" name=\"_wpcf7_container_post\" value=\"0\" \/>\n<input type=\"hidden\" name=\"_wpcf7_posted_data_hash\" value=\"\" \/>\n<\/div>\n<p>Votre nom (obligatoire)<br \/>\n    <span class=\"wpcf7-form-control-wrap your-name\"><input type=\"text\" name=\"your-name\" value=\"\" size=\"40\" class=\"wpcf7-form-control wpcf7-text wpcf7-validates-as-required\" aria-required=\"true\" aria-invalid=\"false\" \/><\/span> <\/p>\n<p>Votre email (obligatoire)<br \/>\n    <span class=\"wpcf7-form-control-wrap your-email\"><input type=\"email\" name=\"your-email\" value=\"\" size=\"40\" class=\"wpcf7-form-control wpcf7-text wpcf7-email wpcf7-validates-as-required wpcf7-validates-as-email\" aria-required=\"true\" aria-invalid=\"false\" \/><\/span> <\/p>\n<p><span class=\"wpcf7-form-control-wrap email-584\"><input type=\"email\" name=\"email-584\" value=\"\" size=\"40\" class=\"wpcf7-form-control wpcf7-text wpcf7-email wpcf7-validates-as-required wpcf7-validates-as-email\" aria-required=\"true\" aria-invalid=\"false\" \/><\/span><\/p>\n<p>Sujet<br \/>\n    <span class=\"wpcf7-form-control-wrap your-subject\"><input type=\"text\" name=\"your-subject\" value=\"\" size=\"40\" class=\"wpcf7-form-control wpcf7-text\" aria-invalid=\"false\" \/><\/span> <\/p>\n<p>Votre message<br \/>\n    <span class=\"wpcf7-form-control-wrap your-message\"><textarea name=\"your-message\" cols=\"40\" rows=\"10\" class=\"wpcf7-form-control wpcf7-textarea\" aria-invalid=\"false\"><\/textarea><\/span> <\/p>\n<p>Un fichier, image, vid\u00e9o, etc.<\/p>\n<p><span class=\"wpcf7-form-control-wrap file-536\"><input type=\"file\" name=\"file-536\" size=\"40\" class=\"wpcf7-form-control wpcf7-file\" accept=\".jpg,.jpeg,.png,.gif,.pdf,.doc,.docx,.ppt,.pptx,.odt,.avi,.ogg,.m4a,.mov,.mp3,.mp4,.mpg,.wav,.wmv\" aria-invalid=\"false\" \/><\/span><\/p>\n<p><input type=\"submit\" value=\"Envoyer\" class=\"wpcf7-form-control has-spinner wpcf7-submit\" \/><\/p>\n<p style=\"display: none !important;\"><label>&#916;<textarea name=\"_wpcf7_ak_hp_textarea\" cols=\"45\" rows=\"8\" maxlength=\"100\"><\/textarea><\/label><input type=\"hidden\" id=\"ak_js\" name=\"_wpcf7_ak_js\" value=\"243\"\/><script>document.getElementById( \"ak_js\" ).setAttribute( \"value\", ( new Date() ).getTime() );<\/script><\/p><div class=\"wpcf7-response-output\" aria-hidden=\"true\"><\/div><\/form><\/div><!--:--><\/p>\n","protected":false},"excerpt":{"rendered":"<p>L&rsquo;association M\u00e9moire Vive\/Mem\u00f3ria Viva a entrepris une campagne de recueil d&rsquo;entretiens audiovisuels de t\u00e9moins de l&rsquo;immigration portugaise. Elle va \u00e9galement lancer une campagne de r\u00e9colte de t\u00e9moignage sur son site.\u00a0 L&rsquo;id\u00e9e est de faire un appel \u00e0 contribution afin de filmer dans son quartier, sa famille, son association, son entreprise. Ceci de fa\u00e7on \u00e0 construire &hellip; <\/p>\n<p class=\"link-more\"><a href=\"https:\/\/www.memoria-viva.fr\/mv2-archives\/?page_id=1249\" class=\"more-link\">Continuer la lecture<span class=\"screen-reader-text\"> de &laquo;&nbsp;<!--:fr-->T\u00e9moignez !<!--:--><!--:pt-->Conte a sua hist\u00f3ria !<!--:-->&nbsp;&raquo;<\/span><\/a><\/p>\n","protected":false},"author":2,"featured_media":0,"parent":0,"menu_order":0,"comment_status":"open","ping_status":"open","template":"","meta":[],"_links":{"self":[{"href":"https:\/\/www.memoria-viva.fr\/mv2-archives\/index.php?rest_route=\/wp\/v2\/pages\/1249"}],"collection":[{"href":"https:\/\/www.memoria-viva.fr\/mv2-archives\/index.php?rest_route=\/wp\/v2\/pages"}],"about":[{"href":"https:\/\/www.memoria-viva.fr\/mv2-archives\/index.php?rest_route=\/wp\/v2\/types\/page"}],"author":[{"embeddable":true,"href":"https:\/\/www.memoria-viva.fr\/mv2-archives\/index.php?rest_route=\/wp\/v2\/users\/2"}],"replies":[{"embeddable":true,"href":"https:\/\/www.memoria-viva.fr\/mv2-archives\/index.php?rest_route=%2Fwp%2Fv2%2Fcomments&post=1249"}],"version-history":[{"count":0,"href":"https:\/\/www.memoria-viva.fr\/mv2-archives\/index.php?rest_route=\/wp\/v2\/pages\/1249\/revisions"}],"wp:attachment":[{"href":"https:\/\/www.memoria-viva.fr\/mv2-archives\/index.php?rest_route=%2Fwp%2Fv2%2Fmedia&parent=1249"}],"curies":[{"name":"wp","href":"https:\/\/api.w.org\/{rel}","templated":true}]}}