{"id":253,"date":"2013-06-19T20:29:54","date_gmt":"2013-06-19T19:29:54","guid":{"rendered":"http:\/\/www.memoria-viva.fr\/wordpress\/?page_id=253"},"modified":"2016-12-13T01:41:04","modified_gmt":"2016-12-13T00:41:04","slug":"les-peintures-murales-du-25-avril-par-manuel-madeira","status":"publish","type":"page","link":"https:\/\/www.memoria-viva.fr\/mv2-archives\/?page_id=253","title":{"rendered":"Les peintures murales du 25 avril par Manuel Madeira"},"content":{"rendered":"<p><!--:fr--><\/p>\n<p style=\"text-align: justify;\">Avec la R\u00e9volution des oeillets et la conqu\u00eate de la libert\u00e9, l\u2019espace public devient un immense lieu de communication. Les murs des villes et des villages se couvrent de peintures murales, de graffitis et d\u2019affiches. Une formidable iconographie se d\u00e9veloppe au cours des ann\u00e9es qui suivirent le 25 avril 1974 et t\u00e9moigne des luttes politiques intenses qui se jou\u00e8rent alors. Par rapport \u00e0 l\u2019affiche, la peinture murale et le graffiti avaient l\u2019avantage de l\u2019imm\u00e9diatet\u00e9 du message \u00e0 transmettre. Si la \u201cchanson est une arme\u201d, le peinture murale le devint \u00e9galement et les mouvements sociaux et politiques pour tenter de convaincre les portugais des diff\u00e9rentes propositions en jeu.<\/p>\n<p style=\"text-align: justify;\">Manuel Madeira, exil\u00e9 en France, entreprit le m\u00eame voyage que tant d\u2019autres exil\u00e9s, \u00e9migr\u00e9s et \u00e9trangers pour qui le coup d\u2019Etat de 1974, l\u2019effervescence politique et l\u2019\u00e9bullition cr\u00e9ative que vivait alors le pays repr\u00e9sentaient un formidable espoir. Il partit au Portugal. Ce qu\u2019il nous livre ici, c\u2019est le regard de son premier voyage de retour au pays natal, \u00e0 ravers une quarantaine d\u2019images choisies parmi les centaines de photos qu\u2019il a prises \u00e0 l\u2019\u00e9poque. La plupart d\u2019entre elles relatent la campagne \u00e9lectorale des premi\u00e8res \u00e9lections l\u00e9gislatives de l\u2019apr\u00e8s Estado Novo, qui eurent lieu en 1976, soit deux ans apr\u00e8s le coup d\u2019Etat. Quelques donn\u00e9es, \u00e9galement r\u00e9unis par l\u2019auteur, sur la fin du colonialisme portugais, le 25 avril 1974 et l\u2019\u00e9\/immigration, notamment en France, compl\u00e8tent son regard sur cette p\u00e9riode de l\u2019histoire du Portugal.<\/p>\n<div id='gallery-1' class='gallery galleryid-253 gallery-columns-3 gallery-size-thumbnail'><figure class='gallery-item'>\n\t\t\t<div class='gallery-icon landscape'>\n\t\t\t\t<a href='https:\/\/www.memoria-viva.fr\/mv2-archives\/?attachment_id=1439'><img width=\"150\" height=\"150\" src=\"https:\/\/www.memoria-viva.fr\/mv2-archives\/wp-content\/uploads\/2013\/06\/DSC00270-150x150.jpg\" class=\"attachment-thumbnail size-thumbnail\" alt=\"\" loading=\"lazy\" sizes=\"100vw\" \/><\/a>\n\t\t\t<\/div><\/figure><figure class='gallery-item'>\n\t\t\t<div class='gallery-icon landscape'>\n\t\t\t\t<a href='https:\/\/www.memoria-viva.fr\/mv2-archives\/?attachment_id=1438'><img width=\"150\" height=\"150\" src=\"https:\/\/www.memoria-viva.fr\/mv2-archives\/wp-content\/uploads\/2013\/06\/DSC00276-150x150.jpg\" class=\"attachment-thumbnail size-thumbnail\" alt=\"\" loading=\"lazy\" sizes=\"100vw\" \/><\/a>\n\t\t\t<\/div><\/figure><figure class='gallery-item'>\n\t\t\t<div class='gallery-icon portrait'>\n\t\t\t\t<a href='https:\/\/www.memoria-viva.fr\/mv2-archives\/?attachment_id=1437'><img width=\"150\" height=\"150\" src=\"https:\/\/www.memoria-viva.fr\/mv2-archives\/wp-content\/uploads\/2013\/06\/DSC00274-150x150.jpg\" class=\"attachment-thumbnail size-thumbnail\" alt=\"\" loading=\"lazy\" sizes=\"100vw\" \/><\/a>\n\t\t\t<\/div><\/figure><figure class='gallery-item'>\n\t\t\t<div class='gallery-icon portrait'>\n\t\t\t\t<a href='https:\/\/www.memoria-viva.fr\/mv2-archives\/?attachment_id=1436'><img width=\"150\" height=\"150\" src=\"https:\/\/www.memoria-viva.fr\/mv2-archives\/wp-content\/uploads\/2013\/06\/DSC00268-150x150.jpg\" class=\"attachment-thumbnail size-thumbnail\" alt=\"\" loading=\"lazy\" sizes=\"100vw\" \/><\/a>\n\t\t\t<\/div><\/figure><figure class='gallery-item'>\n\t\t\t<div class='gallery-icon portrait'>\n\t\t\t\t<a href='https:\/\/www.memoria-viva.fr\/mv2-archives\/?attachment_id=1435'><img width=\"150\" height=\"150\" src=\"https:\/\/www.memoria-viva.fr\/mv2-archives\/wp-content\/uploads\/2013\/06\/DSC00269-150x150.jpg\" class=\"attachment-thumbnail size-thumbnail\" alt=\"\" loading=\"lazy\" sizes=\"100vw\" \/><\/a>\n\t\t\t<\/div><\/figure><figure class='gallery-item'>\n\t\t\t<div class='gallery-icon portrait'>\n\t\t\t\t<a href='https:\/\/www.memoria-viva.fr\/mv2-archives\/?attachment_id=1434'><img width=\"150\" height=\"150\" src=\"https:\/\/www.memoria-viva.fr\/mv2-archives\/wp-content\/uploads\/2013\/06\/DSC00271-150x150.jpg\" class=\"attachment-thumbnail size-thumbnail\" alt=\"\" loading=\"lazy\" sizes=\"100vw\" \/><\/a>\n\t\t\t<\/div><\/figure>\n\t\t<\/div>\n\n<p><!--:--><!--:en--><\/p>\n<p style=\"text-align: justify;\">\n<p style=\"text-align: justify;\">\n<h2 style=\"text-align: center;\"><a href=\" http:\/\/www.sudexpress.org\/Expositions\/revolutionOeillets\/index.html\" target=\"_blank\"><strong>Pour visiter l&rsquo;exposition<\/strong><\/a><\/h2>\n<p><!--:--><!--:zh--><\/p>\n<p style=\"text-align: justify;\">\n<p style=\"text-align: center;\"><strong>\u00a0<\/strong><a href=\"http:\/\/www.sudexpress.org\/Expositions\/revolutionOeillets\/index.html\" target=\"_blank\">http:\/\/www.sudexpress.org\/Expositions\/revolutionOeillets\/index.html<\/a><\/p>\n<p><!--:--><\/p>\n","protected":false},"excerpt":{"rendered":"<p>Avec la R\u00e9volution des oeillets et la conqu\u00eate de la libert\u00e9, l\u2019espace public devient un immense lieu de communication. Les murs des villes et des villages se couvrent de peintures murales, de graffitis et d\u2019affiches. Une formidable iconographie se d\u00e9veloppe au cours des ann\u00e9es qui suivirent le 25 avril 1974 et t\u00e9moigne des luttes politiques &hellip; <\/p>\n<p class=\"link-more\"><a href=\"https:\/\/www.memoria-viva.fr\/mv2-archives\/?page_id=253\" class=\"more-link\">Continuer la lecture<span class=\"screen-reader-text\"> de &laquo;&nbsp;Les peintures murales du 25 avril par Manuel Madeira&nbsp;&raquo;<\/span><\/a><\/p>\n","protected":false},"author":2,"featured_media":0,"parent":0,"menu_order":0,"comment_status":"open","ping_status":"open","template":"","meta":[],"_links":{"self":[{"href":"https:\/\/www.memoria-viva.fr\/mv2-archives\/index.php?rest_route=\/wp\/v2\/pages\/253"}],"collection":[{"href":"https:\/\/www.memoria-viva.fr\/mv2-archives\/index.php?rest_route=\/wp\/v2\/pages"}],"about":[{"href":"https:\/\/www.memoria-viva.fr\/mv2-archives\/index.php?rest_route=\/wp\/v2\/types\/page"}],"author":[{"embeddable":true,"href":"https:\/\/www.memoria-viva.fr\/mv2-archives\/index.php?rest_route=\/wp\/v2\/users\/2"}],"replies":[{"embeddable":true,"href":"https:\/\/www.memoria-viva.fr\/mv2-archives\/index.php?rest_route=%2Fwp%2Fv2%2Fcomments&post=253"}],"version-history":[{"count":0,"href":"https:\/\/www.memoria-viva.fr\/mv2-archives\/index.php?rest_route=\/wp\/v2\/pages\/253\/revisions"}],"wp:attachment":[{"href":"https:\/\/www.memoria-viva.fr\/mv2-archives\/index.php?rest_route=%2Fwp%2Fv2%2Fmedia&parent=253"}],"curies":[{"name":"wp","href":"https:\/\/api.w.org\/{rel}","templated":true}]}}