{"id":312,"date":"2013-10-04T10:29:00","date_gmt":"2013-10-04T09:29:00","guid":{"rendered":"http:\/\/www.memoria-viva.fr\/wordpress\/?page_id=312"},"modified":"2014-02-13T14:28:09","modified_gmt":"2014-02-13T13:28:09","slug":"conferences","status":"publish","type":"page","link":"https:\/\/www.memoria-viva.fr\/mv2-archives\/?page_id=312","title":{"rendered":"Conf\u00e9rences"},"content":{"rendered":"<p><!--:fr--><\/p>\n<p style=\"text-align: justify;\">Le groupe conf\u00e9rences de M\u00e9moire Vive \/ Mem\u00f3ria Viva organise des conf\u00e9rences sur divers sujets. Elles sont dispens\u00e9es par nos membres ou des chercheurs que nous connaissons. Ces conf\u00e9rences s&rsquo;inscrivent dans une dynamique d&rsquo;\u00e9ducation populaire et, si elles ont \u00e9t\u00e9 pr\u00e9par\u00e9es par des \u00ab\u00a0sp\u00e9cialistes\u00a0\u00bb des diff\u00e9rentes th\u00e9matiques, elles ne sont en aucun cas des manifestations institutionnelles (que nous diffusons par ailleurs dans notre rubrique<a href=\"http:\/\/www.memoria-viva.fr\/category\/actualite\/\"> \u00ab\u00a0actualit\u00e9\u00a0\u00bb<\/a>).<\/p>\n<p><!--:--><!--:pt--><\/p>\n<p style=\"text-align: justify;\">Le groupe conf\u00e9rences de M\u00e9moire Vive \/ Mem\u00f3ria Viva organise des conf\u00e9rences sur divers sujets. Elles sont dispens\u00e9es par nos membres ou des chercheurs que nous connaissons. Ces conf\u00e9rences s&rsquo;inscrivent dans une dynamique d&rsquo;\u00e9ducation populaire et, si elles ont \u00e9t\u00e9 pr\u00e9par\u00e9es par des \u00ab\u00a0sp\u00e9cialistes\u00a0\u00bb des diff\u00e9rentes th\u00e9matiques, elles ne sont en aucun cas des manifestations institutionnelles (que nous diffusons par ailleurs dans notre rubrique <a href=\"http:\/\/www.memoria-viva.fr\/wordpress\/?cat=5\" target=\"_blank\">\u00ab\u00a0actualit\u00e9\u00a0\u00bb<\/a>).<\/p>\n<p><!--:--><\/p>\n","protected":false},"excerpt":{"rendered":"<p>Le groupe conf\u00e9rences de M\u00e9moire Vive \/ Mem\u00f3ria Viva organise des conf\u00e9rences sur divers sujets. Elles sont dispens\u00e9es par nos membres ou des chercheurs que nous connaissons. Ces conf\u00e9rences s&rsquo;inscrivent dans une dynamique d&rsquo;\u00e9ducation populaire et, si elles ont \u00e9t\u00e9 pr\u00e9par\u00e9es par des \u00ab\u00a0sp\u00e9cialistes\u00a0\u00bb des diff\u00e9rentes th\u00e9matiques, elles ne sont en aucun cas des manifestations &hellip; <\/p>\n<p class=\"link-more\"><a href=\"https:\/\/www.memoria-viva.fr\/mv2-archives\/?page_id=312\" class=\"more-link\">Continuer la lecture<span class=\"screen-reader-text\"> de &laquo;&nbsp;Conf\u00e9rences&nbsp;&raquo;<\/span><\/a><\/p>\n","protected":false},"author":6,"featured_media":0,"parent":0,"menu_order":0,"comment_status":"open","ping_status":"open","template":"","meta":[],"_links":{"self":[{"href":"https:\/\/www.memoria-viva.fr\/mv2-archives\/index.php?rest_route=\/wp\/v2\/pages\/312"}],"collection":[{"href":"https:\/\/www.memoria-viva.fr\/mv2-archives\/index.php?rest_route=\/wp\/v2\/pages"}],"about":[{"href":"https:\/\/www.memoria-viva.fr\/mv2-archives\/index.php?rest_route=\/wp\/v2\/types\/page"}],"author":[{"embeddable":true,"href":"https:\/\/www.memoria-viva.fr\/mv2-archives\/index.php?rest_route=\/wp\/v2\/users\/6"}],"replies":[{"embeddable":true,"href":"https:\/\/www.memoria-viva.fr\/mv2-archives\/index.php?rest_route=%2Fwp%2Fv2%2Fcomments&post=312"}],"version-history":[{"count":0,"href":"https:\/\/www.memoria-viva.fr\/mv2-archives\/index.php?rest_route=\/wp\/v2\/pages\/312\/revisions"}],"wp:attachment":[{"href":"https:\/\/www.memoria-viva.fr\/mv2-archives\/index.php?rest_route=%2Fwp%2Fv2%2Fmedia&parent=312"}],"curies":[{"name":"wp","href":"https:\/\/api.w.org\/{rel}","templated":true}]}}