{"id":325,"date":"2013-10-04T11:02:34","date_gmt":"2013-10-04T10:02:34","guid":{"rendered":"http:\/\/www.memoria-viva.fr\/wordpress\/?page_id=325"},"modified":"2021-10-08T13:47:49","modified_gmt":"2021-10-08T12:47:49","slug":"le-projet-sud-express","status":"publish","type":"page","link":"https:\/\/www.memoria-viva.fr\/mv2-archives\/?page_id=325","title":{"rendered":"Le projet Sud Express"},"content":{"rendered":"<p>Le site Sudexpess, centre virtuel de recueil de l\u2019histoire et de la m\u00e9moire de l\u2019\u00e9mmigration portugaise :<\/p>\n<p><a href=\"http:\/\/www.sudexpress.org\" target=\"_blank\" rel=\"noopener\">http:\/\/www.sudexpress.org<\/a><\/p>\n<p>En avril 2006, l\u2019association M\u00e9moire Vive\/Mem\u00f3ria Viva inaugure le site Sudexpress, entendu \u00a0comme un centre virtuel de recueil de l\u2019histoire et de la m\u00e9moire de l\u2019\u00e9mmigration portugaise, en dialogue constant avec les migrations d\u2019hier et d\u2019aujourd\u2019hui.<\/p>\n<p>L&rsquo;aventure de cette association commence avec le constat de Jos\u00e9 Vieira lors de la sortie de son film\u00a0La Photo D\u00e9chir\u00e9e\u00a0(2001)\u00a0: il n\u2019existait, \u00e0 l\u2019\u00e9poque, en France, aucun lieu sp\u00e9cifiquement consacr\u00e9 \u00e0 l\u2019histoire et \u00e0 la m\u00e9moire de l\u2019\u00e9\/immigration portugaise. Lors des s\u00e9ances de projection de son film \u00e0 travers la France, le r\u00e9alisateur constata \u00e9galement que les images du film d\u00e9clenchaient une parole longtemps rest\u00e9e sans expression et que les personnes ayant v\u00e9cu l\u2019\u00e9\/immigration \u00e9prouvaient un r\u00e9el besoin de faire conna\u00eetre les tenants et les aboutissants d\u2019un ph\u00e9nom\u00e8ne qui, au cours des ann\u00e9es 1960 et 1970, devait toucher pr\u00e8s de 800 000 personnes.<\/p>\n<p>Convaincu de la n\u00e9cessit\u00e9 absolue de cr\u00e9er un lieu o\u00f9 l\u2019on pourrait recueillir et transmettre cette m\u00e9moire, mais \u00e9galement la contextualiser, J. Vieira imagina un \u00ab\u00a0centre virtuel\u00a0\u00bb, sonore et visuel qui deviendrait une plateforme supra-territoriale d\u2019\u00e9changes sur une \u00e9\/immigration qui, rappelons-le, continue aujourd\u2019hui\u00a0: ils sont pr\u00e8s de 100\u00a0000 Portugais \u00e0 \u00e9migrer tous les ans<strong>[1].<\/strong><\/p>\n<p>Le projet re\u00e7ut le soutien de la Fondation Calouste Gulbenkian. Le Sudexpress fut ensuite adopt\u00e9 par l\u2019association M\u00e9moire Vive \/ Mem\u00f3ria Viva, fond\u00e9e en 2003, qui se chargea de le mettre sur les rails, avec le soutien de la Mairie de Paris, du Fasild et de l\u2019Acs\u00e9. Entendu comme une aventure collective au service de la collectivit\u00e9, il a fallu trois ans de vifs \u00e9changes et de travail acharn\u00e9 pour que le centre virtuel voit, enfin, le jour, en 2006.<\/p>\n<blockquote><p><em>[1]Les donn\u00e9es de l\u2019Institut National de Statistique portugais relatives \u00e0 2006, mentionnent la sortie de 30 000 \u00e9migr\u00e9s\/an, alors que l\u2019\u00c9glise Catholique et les syndicats estiment le nombre de sorties du pays \u00e0 100 000\/an, argumentant qu\u2019il faut tenir compte du travail temporaire, de l\u2019\u00e9migration clandestine et de l\u2019\u00e9migration frontali\u00e8re avec l\u2019Espagne, o\u00f9 de nombreux portugais se rendent durant la semaine pour travailler dans le b\u00e2timent et ne rentrent que le week-end. Augmentation du ch\u00f4mage et surendettement des familles sont \u00e0 l\u2019origine de ce mouvement.<\/em><\/p><\/blockquote>\n","protected":false},"excerpt":{"rendered":"<p>Le site Sudexpess, centre virtuel de recueil de l\u2019histoire et de la m\u00e9moire de l\u2019\u00e9mmigration portugaise : http:\/\/www.sudexpress.org En avril 2006, l\u2019association M\u00e9moire Vive\/Mem\u00f3ria Viva inaugure le site Sudexpress, entendu \u00a0comme un centre virtuel de recueil de l\u2019histoire et de la m\u00e9moire de l\u2019\u00e9mmigration portugaise, en dialogue constant avec les migrations d\u2019hier et d\u2019aujourd\u2019hui. L&rsquo;aventure &hellip; <\/p>\n<p class=\"link-more\"><a href=\"https:\/\/www.memoria-viva.fr\/mv2-archives\/?page_id=325\" class=\"more-link\">Continuer la lecture<span class=\"screen-reader-text\"> de &laquo;&nbsp;Le projet Sud Express&nbsp;&raquo;<\/span><\/a><\/p>\n","protected":false},"author":6,"featured_media":0,"parent":0,"menu_order":0,"comment_status":"closed","ping_status":"open","template":"","meta":[],"_links":{"self":[{"href":"https:\/\/www.memoria-viva.fr\/mv2-archives\/index.php?rest_route=\/wp\/v2\/pages\/325"}],"collection":[{"href":"https:\/\/www.memoria-viva.fr\/mv2-archives\/index.php?rest_route=\/wp\/v2\/pages"}],"about":[{"href":"https:\/\/www.memoria-viva.fr\/mv2-archives\/index.php?rest_route=\/wp\/v2\/types\/page"}],"author":[{"embeddable":true,"href":"https:\/\/www.memoria-viva.fr\/mv2-archives\/index.php?rest_route=\/wp\/v2\/users\/6"}],"replies":[{"embeddable":true,"href":"https:\/\/www.memoria-viva.fr\/mv2-archives\/index.php?rest_route=%2Fwp%2Fv2%2Fcomments&post=325"}],"version-history":[{"count":0,"href":"https:\/\/www.memoria-viva.fr\/mv2-archives\/index.php?rest_route=\/wp\/v2\/pages\/325\/revisions"}],"wp:attachment":[{"href":"https:\/\/www.memoria-viva.fr\/mv2-archives\/index.php?rest_route=%2Fwp%2Fv2%2Fmedia&parent=325"}],"curies":[{"name":"wp","href":"https:\/\/api.w.org\/{rel}","templated":true}]}}