{"id":479,"date":"2013-11-19T14:43:24","date_gmt":"2013-11-19T13:43:24","guid":{"rendered":"http:\/\/www.memoria-viva.fr\/wordpress\/?page_id=479"},"modified":"2014-02-11T13:06:23","modified_gmt":"2014-02-11T12:06:23","slug":"expositions","status":"publish","type":"page","link":"https:\/\/www.memoria-viva.fr\/mv2-archives\/?page_id=479","title":{"rendered":"Expositions"},"content":{"rendered":"<p><!--:fr--><\/p>\n<p style=\"text-align: justify;\">Dans un but p\u00e9dagogique, l&rsquo;association M\u00e9moire Vive\/Mem\u00f3ria Viva fait tourner ou fait la promotion de plusieurs expositions sur l&rsquo;immigration portugaise ou sur des th\u00e9matiques qui nous tiennent \u00e0 coeur. Elles sont disponibles pour \u00eatre expos\u00e9es dans des \u00e9coles, des associations, des institutions. Si le co\u00fbt des expositions varient, nous sommes surtout attach\u00e9 \u00e0 la valeur p\u00e9dagogique de celles-ci.<br \/>\nNous privil\u00e9gierons les projets d&rsquo;expositions o\u00f9 nous pourrons intervenir aupr\u00e8s du public avec un d\u00e9bat, une projection, une conf\u00e9rence ou des ateliers.<\/p>\n<p style=\"text-align: justify;\">Voici les expositions que nous soutenons :<\/p>\n<p style=\"text-align: justify;\"><a href=\"http:\/\/www.memoria-viva.fr\/exposition-pour-une-vie-meilleure-de-gerald-bloncourt-3\/\" target=\"_blank\"><strong>\u00ab\u00a0Pour une vie meilleure\u00a0\u00bb du photographe G\u00e9rald Bloncourt<\/strong><\/a><\/p>\n<p style=\"text-align: justify;\"><a href=\"http:\/\/www.memoria-viva.fr\/les-peintures-murales-du-25-avril-par-manuel-madeira\/\" target=\"_blank\"><strong>\u00ab\u00a0Les peintures murales du 25 avril\u00a0\u00bb par Manuel Madeira<\/strong><\/a><\/p>\n<p style=\"text-align: justify;\"><strong><a href=\"http:\/\/www.memoria-viva.fr\/exposition-jose-afonso\/\" target=\"_blank\">Exposition sur Zeca Afonso<\/a><\/strong><\/p>\n<p style=\"text-align: justify;\"><a href=\"http:\/\/www.memoria-viva.fr\/exposition-vie-et-oeuvre-de-mario-dionisio\/\" target=\"_blank\">Vi<strong>e et oeuvre de M\u00e1rio Dion\u00edsio<\/strong><\/a><\/p>\n<p style=\"text-align: justify;\"><strong><a href=\"http:\/\/www.memoria-viva.fr\/cinema-portugais-annees-70-de-la-resistance-a-la-liberte\/\" target=\"_blank\">Cin\u00e9ma Portugais &#8211; De la r\u00e9sistance \u00e0 la libert\u00e9<\/a><\/strong><\/p>\n<p style=\"text-align: justify;\">Pour r\u00e9server une de ces expositions contactez-nous \u00e0 l&rsquo;adresse suivante : expositions@memoria-viva.fr<\/p>\n<p><!--:--><!--:pt-->Dans un but p\u00e9dagogique, l&rsquo;association M\u00e9moire Vive\/Mem\u00f3ria Viva fait tourner ou fait la promotion de plusieurs expositions sur l&rsquo;immigration portugaise ou sur des th\u00e9matiques qui nous tiennent \u00e0 coeur. Elles sont disponibles pour \u00eatre expos\u00e9es dans des \u00e9coles, des associations, des institutions. Si le co\u00fbt des expositions varient, nous sommes surtout attach\u00e9 \u00e0 la valeur p\u00e9dagogique de celles-ci. Nous priviligieront les projets d&rsquo;expositions o\u00f9 nous pourrons intervenir aupr\u00e8s du public avec un d\u00e9bat, une projection, une conf\u00e9rence ou des ateliers. Voici les expositions que nous soutenons :<\/p>\n<p><a href=\"http:\/\/www.sudexpress.org\/Expositions\/Bloncourt\/index.html\" target=\"_blank\"><strong>\u00ab\u00a0Pour une vie meilleure\u00a0\u00bb du photographe G\u00e9rald Bloncourt<\/strong><\/a><\/p>\n<p><a href=\"http:\/\/www.memoria-viva.fr\/les-peintures-murales-du-25-avril-par-manuel-madeira\/\" target=\"_blank\"><strong>\u00ab\u00a0Les peintures murales du 25 avril\u00a0\u00bb par Manuel Madeira<\/strong> <\/a><\/p>\n<p><a href=\"http:\/\/www.memoria-viva.fr\/exposition-jose-afonso\/\" target=\"_blank\"><strong>Exposition sur Zeca Afonso<\/strong><\/a><!--:--><\/p>\n","protected":false},"excerpt":{"rendered":"<p>Dans un but p\u00e9dagogique, l&rsquo;association M\u00e9moire Vive\/Mem\u00f3ria Viva fait tourner ou fait la promotion de plusieurs expositions sur l&rsquo;immigration portugaise ou sur des th\u00e9matiques qui nous tiennent \u00e0 coeur. Elles sont disponibles pour \u00eatre expos\u00e9es dans des \u00e9coles, des associations, des institutions. Si le co\u00fbt des expositions varient, nous sommes surtout attach\u00e9 \u00e0 la valeur &hellip; <\/p>\n<p class=\"link-more\"><a href=\"https:\/\/www.memoria-viva.fr\/mv2-archives\/?page_id=479\" class=\"more-link\">Continuer la lecture<span class=\"screen-reader-text\"> de &laquo;&nbsp;Expositions&nbsp;&raquo;<\/span><\/a><\/p>\n","protected":false},"author":2,"featured_media":0,"parent":0,"menu_order":0,"comment_status":"open","ping_status":"open","template":"","meta":[],"_links":{"self":[{"href":"https:\/\/www.memoria-viva.fr\/mv2-archives\/index.php?rest_route=\/wp\/v2\/pages\/479"}],"collection":[{"href":"https:\/\/www.memoria-viva.fr\/mv2-archives\/index.php?rest_route=\/wp\/v2\/pages"}],"about":[{"href":"https:\/\/www.memoria-viva.fr\/mv2-archives\/index.php?rest_route=\/wp\/v2\/types\/page"}],"author":[{"embeddable":true,"href":"https:\/\/www.memoria-viva.fr\/mv2-archives\/index.php?rest_route=\/wp\/v2\/users\/2"}],"replies":[{"embeddable":true,"href":"https:\/\/www.memoria-viva.fr\/mv2-archives\/index.php?rest_route=%2Fwp%2Fv2%2Fcomments&post=479"}],"version-history":[{"count":0,"href":"https:\/\/www.memoria-viva.fr\/mv2-archives\/index.php?rest_route=\/wp\/v2\/pages\/479\/revisions"}],"wp:attachment":[{"href":"https:\/\/www.memoria-viva.fr\/mv2-archives\/index.php?rest_route=%2Fwp%2Fv2%2Fmedia&parent=479"}],"curies":[{"name":"wp","href":"https:\/\/api.w.org\/{rel}","templated":true}]}}